der when 46369 is divided by 2107.
15
What is the remainder when 345 is divided by 313?
32
Calculate the remainder when 12830 is divided by 338.
324
Calculate the remainder when 116431 is divided by 89.
19
What is the remainder when 57368 is divided by 3?
2
Calculate the remainder when 917472 is divided by 305820.
12
Calculate the remainder when 275023 is divided by 96.
79
What is the remainder when 35518 is divided by 807?
10
What is the remainder when 70938 is divided by 128?
26
Calculate the remainder when 5544 is divided by 32.
8
Calculate the remainder when 1695 is divided by 250.
195
Calculate the remainder when 56896 is divided by 202.
134
Calculate the remainder when 7243 is divided by 65.
28
Calculate the remainder when 4329 is divided by 7.
3
Calculate the remainder when 10019 is divided by 1109.
38
What is the remainder when 1301 is divided by 1272?
29
What is the remainder when 1032 is divided by 886?
146
What is the remainder when 9695 is divided by 745?
10
Calculate the remainder when 510489 is divided by 7976.
25
Calculate the remainder when 428 is divided by 287.
141
Calculate the remainder when 1930 is divided by 160.
10
What is the remainder when 17275 is divided by 88?
27
Calculate the remainder when 138984 is divided by 1759.
23
Calculate the remainder when 538 is divided by 26.
18
What is the remainder when 7505 is divided by 54?
53
Calculate the remainder when 16585 is divided by 448.
9
What is the remainder when 2957 is divided by 2944?
13
Calculate the remainder when 24030 is divided by 23957.
73
Calculate the remainder when 736076 is divided by 368034.
8
Calculate the remainder when 269771 is divided by 6.
5
What is the remainder when 16583 is divided by 16563?
20
Calculate the remainder when 10069 is divided by 959.
479
What is the remainder when 23141 is divided by 57?
56
Calculate the remainder when 576769 is divided by 38450.
19
What is the remainder when 8767 is divided by 2788?
403
Calculate the remainder when 27913 is divided by 9280.
73
Calculate the remainder when 58230 is divided by 47.
44
Calculate the remainder when 653563 is divided by 64.
59
Calculate the remainder when 17961 is divided by 579.
12
Calculate the remainder when 119439 is divided by 15.
9
Calculate the remainder when 101491 is divided by 2475.
16
Calculate the remainder when 9750 is divided by 2430.
30
Calculate the remainder when 72583 is divided by 24138.
169
Calculate the remainder when 11377 is divided by 1603.
156
Calculate the remainder when 6403 is divided by 140.
103
What is the remainder when 15210 is divided by 947?
58
Calculate the remainder when 382 is divided by 354.
28
Calculate the remainder when 205131 is divided by 299.
17
What is the remainder when 1780 is divided by 1742?
38
Calculate the remainder when 29576 is divided by 1565.
1406
What is the remainder when 3378 is divided by 197?
29
Calculate the remainder when 11161 is divided by 85.
26
What is the remainder when 49999 is divided by 24?
7
Calculate the remainder when 72220 is divided by 72195.
25
What is the remainder when 140171 is divided by 263?
255
What is the remainder when 25547 is divided by 10?
7
Calculate the remainder when 1516793 is divided by 768.
761
Calculate the remainder when 8677 is divided by 8446.
231
What is the remainder when 605 is divided by 101?
100
What is the remainder when 297932 is divided by 1187?
1182
Calculate the remainder when 116865 is divided by 950.
15
What is the remainder when 8011 is divided by 513?
316
What is the remainder when 194849 is divided by 24?
17
What is the remainder when 6136 is divided by 19?
18
What is the remainder when 2916 is divided by 197?
158
What is the remainder when 238 is divided by 136?
102
What is the remainder when 109 is divided by 14?
11
What is the remainder when 1507 is divided by 387?
346
Calculate the remainder when 22212 is divided by 2775.
12
Calculate the remainder when 29987 is divided by 3720.
227
Calculate the remainder when 4741 is divided by 1520.
181
Calculate the remainder when 3959 is divided by 1314.
17
What is the remainder when 213236 is divided by 129?
128
Calculate the remainder when 7937 is divided by 107.
19
Calculate the remainder when 61903 is divided by 12.
7
What is the remainder when 9488 is divided by 1974?
1592
What is the remainder when 61766 is divided by 58?
54
What is the remainder when 2539 is divided by 26?
17
What is the remainder when 969 is divided by 116?
41
What is the remainder when 5270 is divided by 30?
20
What is the remainder when 15943 is divided by 29?
22
Calculate the remainder when 25486 is divided by 24.
22
Calculate the remainder when 216265 is divided by 72071.
52
What is the remainder when 3386 is divided by 719?
510
Calculate the remainder when 192173 is divided by 3101.
3012
Calculate the remainder when 175 is divided by 49.
28
Calculate the remainder when 63731 is divided by 21243.
2
Calculate the remainder when 8340 is divided by 121.
112
Calculate the remainder when 1663 is divided by 827.
9
Calculate the remainder when 6718 is divided by 1031.
532
Calculate the remainder when 132449 is divided by 946.
9
What is the remainder when 235596 is divided by 310?
306
Calculate the remainder when 3160 is divided by 7.
3
Calculate the remainder when 33664 is divided by 19.
15
Calculate the remainder when 1888 is divided by 897.
94
Calculate the remainder when 29364 is divided by 35.
34
What is the remainder when 4073 is divided by 5?
3
Calculate the remainder when 19236 is divided by 61.
21
What is the remainder when 27397 is divided by 103?
102
What is the remainder when 225634 is divided by 1282?
2
What is the remainder when 150496 is divided by 54?
52
Calculate the remainder when 4352 is divided by 1125.
977
What is the remainder when 99709 is divided by 1028?
1021
What is the remainder when 81125 is divided by 2458?
11
Calculate the remainder when 28029 is divided by 9.
3
What is the remainder when 56017 is divided by 87?
76
What is the remainder when 1671 is divided by 340?
311
What is the remainder when 164537 is divided by 13?
9
What is the remainder when 1390 is divided by 56?
46
What is the remainder when 1880 is divided by 118?
110
Calculate the remainder when 56559 is divided by 870.
9
Calculate the remainder when 7796 is divided by 3200.
1396
What is the remainder when 782 is divided by 182?
54
What is the remainder when 4748 is divided by 1511?
215
Calculate the remainder when 408 is divided by 318.
90
What is the remainder when 57247 is divided by 91?
8
What is the remainder when 973 is divided by 466?
41
Calculate the remainder when 12360 is divided by 883.
881
What is the remainder when 3613 is divided by 1591?
431
Calculate the remainder when 23823 is divided by 54.
9
Calculate the remainder when 65923 is divided by 616.
11
Calculate the remainder when 4140 is divided by 29.
22
What is the remainder when 14075 is divided by 2757?
290
What is the remainder when 58574 is divided by 61?
14
Calculate the remainder when 491831 is divided by 1242.
1241
Calculate the remainder when 6362 is divided by 374.
4
Calculate the remainder when 301545 is divided by 269.
265
What is the remainder when 376902 is divided by 43?
7
What is the remainder when 110845 is divided by 36946?
7
What is the remainder when 14659 is divided by 2915?
84
Calculate the remainder when 50453 is divided by 25.
3
Calculate the remainder when 215583 is divided by 215577.
6
Calculate the remainder when 18408 is divided by 194.
172
Calculate the remainder when 3235 is divided by 1548.
139
What is the remainder when 722 is divided by 66?
62
Calculate the remainder when 19059 is divided by 617.
549
Calculate the remainder when 1652 is divided by 555.
542
Calculate the remainder when 1194 is divided by 509.
176
Calculate the remainder when 14118 is divided by 228.
210
What is the remainder when 72738 is divided by 856?
834
What is the remainder when 587533 is divided by 65?
63
Calculate the remainder when 16651 is divided by 5543.
22
What is the remainder when 20613 is divided by 115?
28
What is the remainder when 4704 is divided by 335?
14
What is the remainder when 1472 is divided by 124?
108
Calculate the remainder when 887 is divided by 419.
49
What is the remainder whe